{"id":1137,"date":"2025-07-30T14:24:43","date_gmt":"2025-07-30T12:24:43","guid":{"rendered":"https:\/\/provinlait.fr\/?page_id=1137"},"modified":"2025-10-08T15:35:14","modified_gmt":"2025-10-08T13:35:14","slug":"mention-legales","status":"publish","type":"page","link":"https:\/\/provinlait.fr\/index.php\/mention-legales\/","title":{"rendered":"Mention L\u00e9gales"},"content":{"rendered":"\n<h2 class=\"wp-block-heading\">provinlait.fr<\/h2>\n\n\n\n<p>Association Provinlait<\/p>\n\n\n\n<p>Code NAF\/APE 82.30Z<br>TVA non applicable, art. 293 B du CGI<br>Si\u00e8ge social : 2 Place Prosper Boissonnade \u2013 12170 REQUISTA \u2013 France<\/p>\n\n\n\n<p>Adresse mail : provinlait@gmail.com<\/p>\n\n\n\n<p>T\u00e9l\u00e9phone : 05 65 74 57 03<\/p>\n\n\n\n<p>Directeur de la publication : Margaux FARAMOND<\/p>\n\n\n\n<p>Ce site est h\u00e9berg\u00e9 par OVH SAS 2 rue Kellermann \u2013 59100 Roubaix \u2013 France \/ SIRET : 42476141900045 \/ Raison sociale : OVH (OWO \u2013 OVH WHOIS OFFUSCATOR) \/ N\u00b0 t\u00e9l : 1007<\/p>\n\n\n\n<h3 class=\"wp-block-heading\">Conditions d\u2019utilisation du site Internet www.agence-margaux.com<\/h3>\n\n\n\n<p>Le site et chacun des \u00e9l\u00e9ments, y compris mais sans limitation les logos, ic\u00f4nes, infographies, photographies, qui le composent sont prot\u00e9g\u00e9s au titre de la l\u00e9gislation internationale de la propri\u00e9t\u00e9 intellectuelle. Les contenus figurant sur le site sont la propri\u00e9t\u00e9 de L&rsquo;Association Provinlait ou d\u2019autres entreprises. Toute utilisation, reproduction ou repr\u00e9sentation, par quelque proc\u00e9d\u00e9 que ce soit, et sur quelque support que ce soit, de tout ou partie du site et\/ou des \u00e9l\u00e9ments qui le composent n\u2019est pas autoris\u00e9e sans le consentement expresse de l&rsquo;Association Provinlait.<\/p>\n\n\n\n<p>Cliquez sur ce lien pour consulter la <a href=\"https:\/\/provinlait.fr\/index.php\/politique-de-cookies-ue\/\" data-type=\"page\" data-id=\"1132\">politique de cookies<\/a>.<\/p>\n\n\n\n<h3 class=\"wp-block-heading\">Donn\u00e9es personnelles<\/h3>\n\n\n\n<p>Vous pouvez visiter notre site sur Internet sans avoir \u00e0 d\u00e9cliner votre identit\u00e9 et \u00e0 fournir des informations personnelles vous concernant.<\/p>\n\n\n\n<p>Mention l\u00e9gales du site <a href=\"https:\/\/provinlait.fr\/\" data-type=\"page\" data-id=\"14\">provinlait.fr <\/a><\/p>\n\n\n\n<p>Pour retourner \u00e0 la page d\u2019accueil cliquer sur \u00ab\u00a0<a href=\"https:\/\/provinlait.fr\/\" data-type=\"page\" data-id=\"14\">Accueil<\/a>\u00a0\u00bb en haut de page.<\/p>\n\n\n\n<p><\/p>\n","protected":false},"excerpt":{"rendered":"<p>provinlait.fr Association Provinlait Code NAF\/APE 82.30ZTVA non applicable, art. 293 B du CGISi\u00e8ge social : 2 Place Prosper Boissonnade \u2013 [&hellip;]<\/p>\n","protected":false},"author":1,"featured_media":0,"parent":0,"menu_order":0,"comment_status":"closed","ping_status":"closed","template":"","meta":{"site-sidebar-layout":"default","site-content-layout":"","ast-site-content-layout":"default","site-content-style":"default","site-sidebar-style":"default","ast-global-header-display":"","ast-banner-title-visibility":"","ast-main-header-display":"","ast-hfb-above-header-display":"","ast-hfb-below-header-display":"","ast-hfb-mobile-header-display":"","site-post-title":"","ast-breadcrumbs-content":"","ast-featured-img":"","footer-sml-layout":"","theme-transparent-header-meta":"","adv-header-id-meta":"","stick-header-meta":"","header-above-stick-meta":"","header-main-stick-meta":"","header-below-stick-meta":"","astra-migrate-meta-layouts":"default","ast-page-background-enabled":"default","ast-page-background-meta":{"desktop":{"background-color":"var(--ast-global-color-5)","background-image":"","background-repeat":"repeat","background-position":"center center","background-size":"auto","background-attachment":"scroll","background-type":"","background-media":"","overlay-type":"","overlay-color":"","overlay-opacity":"","overlay-gradient":""},"tablet":{"background-color":"","background-image":"","background-repeat":"repeat","background-position":"center center","background-size":"auto","background-attachment":"scroll","background-type":"","background-media":"","overlay-type":"","overlay-color":"","overlay-opacity":"","overlay-gradient":""},"mobile":{"background-color":"","background-image":"","background-repeat":"repeat","background-position":"center center","background-size":"auto","background-attachment":"scroll","background-type":"","background-media":"","overlay-type":"","overlay-color":"","overlay-opacity":"","overlay-gradient":""}},"ast-content-background-meta":{"desktop":{"background-color":"var(--ast-global-color-4)","background-image":"","background-repeat":"repeat","background-position":"center center","background-size":"auto","background-attachment":"scroll","background-type":"","background-media":"","overlay-type":"","overlay-color":"","overlay-opacity":"","overlay-gradient":""},"tablet":{"background-color":"var(--ast-global-color-4)","background-image":"","background-repeat":"repeat","background-position":"center center","background-size":"auto","background-attachment":"scroll","background-type":"","background-media":"","overlay-type":"","overlay-color":"","overlay-opacity":"","overlay-gradient":""},"mobile":{"background-color":"var(--ast-global-color-4)","background-image":"","background-repeat":"repeat","background-position":"center center","background-size":"auto","background-attachment":"scroll","background-type":"","background-media":"","overlay-type":"","overlay-color":"","overlay-opacity":"","overlay-gradient":""}},"footnotes":""},"class_list":["post-1137","page","type-page","status-publish","hentry"],"yoast_head":"<!-- This site is optimized with the Yoast SEO plugin v26.4 - https:\/\/yoast.com\/wordpress\/plugins\/seo\/ -->\n<title>Mention L\u00e9gales - Provinlait | R\u00e9quista (12)<\/title>\n<meta name=\"description\" content=\"Mentions l\u00e9gales du salon provinlait - LE salon des professionnels de la brebis laiti\u00e8re \u00e0 R\u00e9quista (12).\" \/>\n<meta name=\"robots\" content=\"index, follow, max-snippet:-1, max-image-preview:large, max-video-preview:-1\" \/>\n<link rel=\"canonical\" href=\"https:\/\/provinlait.fr\/index.php\/mention-legales\/\" \/>\n<meta property=\"og:locale\" content=\"fr_FR\" \/>\n<meta property=\"og:type\" content=\"article\" \/>\n<meta property=\"og:title\" content=\"Mention L\u00e9gales - Provinlait | R\u00e9quista (12)\" \/>\n<meta property=\"og:description\" content=\"Mentions l\u00e9gales du salon provinlait - LE salon des professionnels de la brebis laiti\u00e8re \u00e0 R\u00e9quista (12).\" \/>\n<meta property=\"og:url\" content=\"https:\/\/provinlait.fr\/index.php\/mention-legales\/\" \/>\n<meta property=\"og:site_name\" content=\"Provinlait\" \/>\n<meta property=\"article:publisher\" content=\"https:\/\/www.facebook.com\/provinlait\/\" \/>\n<meta property=\"article:modified_time\" content=\"2025-10-08T13:35:14+00:00\" \/>\n<meta name=\"twitter:card\" content=\"summary_large_image\" \/>\n<meta name=\"twitter:label1\" content=\"Dur\u00e9e de lecture estim\u00e9e\" \/>\n\t<meta name=\"twitter:data1\" content=\"2 minutes\" \/>\n<script type=\"application\/ld+json\" class=\"yoast-schema-graph\">{\"@context\":\"https:\/\/schema.org\",\"@graph\":[{\"@type\":\"WebPage\",\"@id\":\"https:\/\/provinlait.fr\/index.php\/mention-legales\/\",\"url\":\"https:\/\/provinlait.fr\/index.php\/mention-legales\/\",\"name\":\"Mention L\u00e9gales - Provinlait | R\u00e9quista (12)\",\"isPartOf\":{\"@id\":\"https:\/\/provinlait.fr\/#website\"},\"datePublished\":\"2025-07-30T12:24:43+00:00\",\"dateModified\":\"2025-10-08T13:35:14+00:00\",\"description\":\"Mentions l\u00e9gales du salon provinlait - LE salon des professionnels de la brebis laiti\u00e8re \u00e0 R\u00e9quista (12).\",\"breadcrumb\":{\"@id\":\"https:\/\/provinlait.fr\/index.php\/mention-legales\/#breadcrumb\"},\"inLanguage\":\"fr-FR\",\"potentialAction\":[{\"@type\":\"ReadAction\",\"target\":[\"https:\/\/provinlait.fr\/index.php\/mention-legales\/\"]}]},{\"@type\":\"BreadcrumbList\",\"@id\":\"https:\/\/provinlait.fr\/index.php\/mention-legales\/#breadcrumb\",\"itemListElement\":[{\"@type\":\"ListItem\",\"position\":1,\"name\":\"Accueil\",\"item\":\"https:\/\/provinlait.fr\/\"},{\"@type\":\"ListItem\",\"position\":2,\"name\":\"Mention L\u00e9gales\"}]},{\"@type\":\"WebSite\",\"@id\":\"https:\/\/provinlait.fr\/#website\",\"url\":\"https:\/\/provinlait.fr\/\",\"name\":\"Provinlait\",\"description\":\"Le salon des professionnels de la brebis laiti\u00e8re \u00e0 R\u00e9quista (12)\",\"publisher\":{\"@id\":\"https:\/\/provinlait.fr\/#organization\"},\"potentialAction\":[{\"@type\":\"SearchAction\",\"target\":{\"@type\":\"EntryPoint\",\"urlTemplate\":\"https:\/\/provinlait.fr\/?s={search_term_string}\"},\"query-input\":{\"@type\":\"PropertyValueSpecification\",\"valueRequired\":true,\"valueName\":\"search_term_string\"}}],\"inLanguage\":\"fr-FR\"},{\"@type\":\"Organization\",\"@id\":\"https:\/\/provinlait.fr\/#organization\",\"name\":\"Provinlait\",\"url\":\"https:\/\/provinlait.fr\/\",\"logo\":{\"@type\":\"ImageObject\",\"inLanguage\":\"fr-FR\",\"@id\":\"https:\/\/provinlait.fr\/#\/schema\/logo\/image\/\",\"url\":\"https:\/\/provinlait.fr\/wp-content\/uploads\/2025\/07\/Logo-1.png\",\"contentUrl\":\"https:\/\/provinlait.fr\/wp-content\/uploads\/2025\/07\/Logo-1.png\",\"width\":1013,\"height\":424,\"caption\":\"Provinlait\"},\"image\":{\"@id\":\"https:\/\/provinlait.fr\/#\/schema\/logo\/image\/\"},\"sameAs\":[\"https:\/\/www.facebook.com\/provinlait\/\",\"https:\/\/www.instagram.com\/provinlait\/\"]}]}<\/script>\n<!-- \/ Yoast SEO plugin. -->","yoast_head_json":{"title":"Mention L\u00e9gales - Provinlait | R\u00e9quista (12)","description":"Mentions l\u00e9gales du salon provinlait - LE salon des professionnels de la brebis laiti\u00e8re \u00e0 R\u00e9quista (12).","robots":{"index":"index","follow":"follow","max-snippet":"max-snippet:-1","max-image-preview":"max-image-preview:large","max-video-preview":"max-video-preview:-1"},"canonical":"https:\/\/provinlait.fr\/index.php\/mention-legales\/","og_locale":"fr_FR","og_type":"article","og_title":"Mention L\u00e9gales - Provinlait | R\u00e9quista (12)","og_description":"Mentions l\u00e9gales du salon provinlait - LE salon des professionnels de la brebis laiti\u00e8re \u00e0 R\u00e9quista (12).","og_url":"https:\/\/provinlait.fr\/index.php\/mention-legales\/","og_site_name":"Provinlait","article_publisher":"https:\/\/www.facebook.com\/provinlait\/","article_modified_time":"2025-10-08T13:35:14+00:00","twitter_card":"summary_large_image","twitter_misc":{"Dur\u00e9e de lecture estim\u00e9e":"2 minutes"},"schema":{"@context":"https:\/\/schema.org","@graph":[{"@type":"WebPage","@id":"https:\/\/provinlait.fr\/index.php\/mention-legales\/","url":"https:\/\/provinlait.fr\/index.php\/mention-legales\/","name":"Mention L\u00e9gales - Provinlait | R\u00e9quista (12)","isPartOf":{"@id":"https:\/\/provinlait.fr\/#website"},"datePublished":"2025-07-30T12:24:43+00:00","dateModified":"2025-10-08T13:35:14+00:00","description":"Mentions l\u00e9gales du salon provinlait - LE salon des professionnels de la brebis laiti\u00e8re \u00e0 R\u00e9quista (12).","breadcrumb":{"@id":"https:\/\/provinlait.fr\/index.php\/mention-legales\/#breadcrumb"},"inLanguage":"fr-FR","potentialAction":[{"@type":"ReadAction","target":["https:\/\/provinlait.fr\/index.php\/mention-legales\/"]}]},{"@type":"BreadcrumbList","@id":"https:\/\/provinlait.fr\/index.php\/mention-legales\/#breadcrumb","itemListElement":[{"@type":"ListItem","position":1,"name":"Accueil","item":"https:\/\/provinlait.fr\/"},{"@type":"ListItem","position":2,"name":"Mention L\u00e9gales"}]},{"@type":"WebSite","@id":"https:\/\/provinlait.fr\/#website","url":"https:\/\/provinlait.fr\/","name":"Provinlait","description":"Le salon des professionnels de la brebis laiti\u00e8re \u00e0 R\u00e9quista (12)","publisher":{"@id":"https:\/\/provinlait.fr\/#organization"},"potentialAction":[{"@type":"SearchAction","target":{"@type":"EntryPoint","urlTemplate":"https:\/\/provinlait.fr\/?s={search_term_string}"},"query-input":{"@type":"PropertyValueSpecification","valueRequired":true,"valueName":"search_term_string"}}],"inLanguage":"fr-FR"},{"@type":"Organization","@id":"https:\/\/provinlait.fr\/#organization","name":"Provinlait","url":"https:\/\/provinlait.fr\/","logo":{"@type":"ImageObject","inLanguage":"fr-FR","@id":"https:\/\/provinlait.fr\/#\/schema\/logo\/image\/","url":"https:\/\/provinlait.fr\/wp-content\/uploads\/2025\/07\/Logo-1.png","contentUrl":"https:\/\/provinlait.fr\/wp-content\/uploads\/2025\/07\/Logo-1.png","width":1013,"height":424,"caption":"Provinlait"},"image":{"@id":"https:\/\/provinlait.fr\/#\/schema\/logo\/image\/"},"sameAs":["https:\/\/www.facebook.com\/provinlait\/","https:\/\/www.instagram.com\/provinlait\/"]}]}},"_links":{"self":[{"href":"https:\/\/provinlait.fr\/index.php\/wp-json\/wp\/v2\/pages\/1137","targetHints":{"allow":["GET"]}}],"collection":[{"href":"https:\/\/provinlait.fr\/index.php\/wp-json\/wp\/v2\/pages"}],"about":[{"href":"https:\/\/provinlait.fr\/index.php\/wp-json\/wp\/v2\/types\/page"}],"author":[{"embeddable":true,"href":"https:\/\/provinlait.fr\/index.php\/wp-json\/wp\/v2\/users\/1"}],"replies":[{"embeddable":true,"href":"https:\/\/provinlait.fr\/index.php\/wp-json\/wp\/v2\/comments?post=1137"}],"version-history":[{"count":1,"href":"https:\/\/provinlait.fr\/index.php\/wp-json\/wp\/v2\/pages\/1137\/revisions"}],"predecessor-version":[{"id":1138,"href":"https:\/\/provinlait.fr\/index.php\/wp-json\/wp\/v2\/pages\/1137\/revisions\/1138"}],"wp:attachment":[{"href":"https:\/\/provinlait.fr\/index.php\/wp-json\/wp\/v2\/media?parent=1137"}],"curies":[{"name":"wp","href":"https:\/\/api.w.org\/{rel}","templated":true}]}}